t r(x) = 10*x + 1. Let j be r(1). Suppose -8 = 9*p - j*p. Suppose -4*z - 4*h + 128 = 0, -z + 4*h + p = -13. List the prime factors of z.
29
Let a(d) be the second derivative of d**5/15 + d**4/24 + d**3/3 - d**2/2 - 6*d. Let v(j) be the first derivative of a(j). List the prime factors of v(-2).
2
Let n = -1310 + 1324. Suppose -b + 2*r = -12, -b + 16 = -0*b - 3*r. Suppose -4*u = 2 + n, -b*w - 4*u = -92. List the prime factors of w.
3
Suppose 0 = -v - 34 + 36. Suppose -5*j - 4*a + 3*a = 885, v*j + a = -357. Let n = -115 - j. List the prime factors of n.
61
Let r(v) = 19*v**2 - 10*v - 91. List the prime factors of r(12).
5, 101
Let g = -26 + 31. Suppose 2*m - 30 = -4*y, 0 = y - 4*y + 4*m - g. What are the prime factors of y?
5
Let n(b) = 3*b**3 + b**2 + b - 1. Let q be n(1). What are the prime factors of -4*(-2)/q - -5?
7
Let x be -4 + (-24)/(-4) - -3. Suppose -x*u + 231 = 3*m, 5*m - 114 - 271 = -4*u. What are the prime factors of m?
7, 11
Let y(u) = u**2 - 6*u + 10. List the prime factors of y(6).
2, 5
Suppose 0 = -13*q + 23052 - 3292. What are the prime factors of q?
2, 5, 19
Let q(g) = -18*g + 506. What are the prime factors of q(25)?
2, 7
Suppose 18*h + 1126 = 6364. List the prime factors of h.
3, 97
Suppose w - 4*d = -2*w + 23, -8 = -3*w + d. Let j(l) = 0*l - 5 + 2 + w - l. What are the prime factors of j(-7)?
5
Let x(i) = 4*i**2 - 14*i + 88. List the prime factors of x(-18).
2, 409
What are the prime factors of 0 - (772/6 + 0)*-15?
2, 5, 193
Suppose 2*v - 7*v + 975 = 0. Suppose -5*f - 86 + 9 = -3*s, 5*s = -5*f + v. List the prime factors of s.
2, 17
Suppose 5*k - 25 = -2*u, 0 = -0*u + 5*u. Let v(r) = -2*r - 15. Let i(y) = -3*y - 22. Let j(f) = k*i(f) - 8*v(f). List the prime factors of j(-5).
5
Suppose -3*b = 4*i - 774 - 715, 5*i = -b + 1853. Suppose 0 = 2*g + j - i, -2*g - 2*g + 732 = 4*j. List the prime factors of g.
11, 17
Let u be 2/8*(-40)/(-2). Suppose u*c + 7 - 2 = 0, -5*c = h. Suppose -h*y + 0*y = -105. List the prime factors of y.
3, 7
Suppose m = 5*m + 12. Let z(s) = -4*s + 7. List the prime factors of z(m).
19
Suppose -2*t + 35 - 33 = 0. List the prime factors of 3 - (4 + (-7)/t).
2, 3
Suppose 8*n - 216 = -4*n. Let j(w) = w**3 - 19*w**2 + 27*w - 4. What are the prime factors of j(n)?
2, 79
List the prime factors of 12/(-21) - 6/((-378)/148401).
3, 5, 157
Suppose 0 = -20*p + 11173 + 2347. List the prime factors of p.
2, 13
Suppose -786 = -3*d - 3*l, -2*d - 3*l + 334 + 189 = 0. What are the prime factors of d?
263
Suppose -23*z = -28*z - 5. What are the prime factors of -15*(-2 + z - 5)?
2, 3, 5
Suppose -u - 2 = -2*u. Let f be u/(-6) - (-76)/(-6). Let c = 27 + f. List the prime factors of c.
2, 7
Let g be ((-6)/(-4))/((-6)/(-8)) - -14. Let z(q) = q**3 - 15*q**2 - 7*q - 34. List the prime factors of z(g).
2, 5, 11
Let x(y) = -y**2 + 6*y - 6. Let n be x(4). Let o(w) = -2*w**n - 4 + 9*w + w**2 + 5. List the prime factors of o(6).
19
Suppose 0 = -j + 235 + 52. List the prime factors of j.
7, 41
Suppose 3 = -4*a + 7*a. What are the prime factors of 21*a - (-13 + 15)?
19
Let s(h) = 10*h**2 - 4*h - 1. Let r be s(5). Suppose 0 = 6*l - r + 25. List the prime factors of l.
2, 17
Suppose -3*w + 7788 = -2*h + 6*h, 5*w - 5*h = 13015. List the prime factors of w.
2, 5, 13
Suppose -6 = -3*f + v - 0*v, 4 = 2*f + 3*v. Suppose 5*z - f*z = 276. What are the prime factors of z?
2, 23
Let o be 2 + 1 + -4 + 0 + 3. List the prime factors of ((-191)/(-2) + 4)*o.
199
Let t(m) be the second derivative of -m**5/20 + m**4/2 + 8*m**3/3 - 5*m. List the prime factors of t(7).
3, 7
Let b be (37/2)/(1/2). Let k = 77 - b. Suppose -k = -t + 12. List the prime factors of t.
2, 13
What are the prime factors of (-2)/(-5 + 7) - -955?
2, 3, 53
Let z be ((-25)/(-2))/(13/26). Suppose t = -3*a - t + 48, 2*a = t + z. What are the prime factors of a?
2, 7
Let m be 18/81 - (-230)/18. Let s = -25 + m. List the prime factors of (s/(-4) - 13)*-2.
2, 5
Let q be 8 + (-2 - -4)*-2. What are the prime factors of (-3)/((1/q)/((-210)/56))?
3, 5
Suppose 3708 = 3*m + 3*n, -30*m - 2478 = -32*m - 5*n. List the prime factors of m.
2, 617
Let z = 299 - -304. What are the prime factors of z?
3, 67
Let t be (-5)/(-10)*18 + -1. Let n(h) = -5 + t*h - 13*h - 13*h. List the prime factors of n(-2).
31
Let l = 157 - 81. What are the prime factors of (l + 0 - -4) + -1 + 0?
79
Let f = 37 + -34. Suppose k - 2*s + 0*s = 31, 2*k + f*s = 69. List the prime factors of k.
3, 11
What are the prime factors of (10 - (4 + 1)) + (18 - -2)?
5
Let z(k) = 5*k + 4. Let y be z(11). Suppose -4*l + y = u, -3*u + 290 = u - 2*l. What are the prime factors of u?
71
Let w(i) = 20*i - 114. List the prime factors of w(19).
2, 7, 19
Suppose u - 4 = -2*v + 6, 2*v + 2 = 5*u. Let n(z) be the second derivative of 5*z**4/12 - z**3/6 - z**2/2 + 2*z. List the prime factors of n(u).
17
Suppose 60 = 5*w + w. Suppose 0 = 7*o - w*o + 441. List the prime factors of o.
3, 7
Let m = 0 + 3. Suppose -10 = -m*v + 8. List the prime factors of 3/(-2)*(-164)/v.
41
Suppose -2*m = -42 + 18. Suppose 0 = -4*a - m, -6*b + 4*b + 122 = 4*a. What are the prime factors of b?
67
Let o(j) = j**3 - j**2 + j - 25. Let d be o(0). Let u be (16/40)/((-4)/(-10)). Let s = u - d. What are the prime factors of s?
2, 13
Let a = -1451 + 3246. List the prime factors of a.
5, 359
Suppose -3*g = -0*g - 15. Suppose 67 = g*a + 17. What are the prime factors of a?
2, 5
Let u(s) = 5*s + 6. Let b be 7/(-2) + 12/(-8). Let c be b*((-57)/15 + 3). List the prime factors of u(c).
2, 13
Suppose 4 + 2 = -3*l + 5*d, -3*l + 4*d = 3. Let h be -1*(-2)/(-3)*-138. Suppose -a - 5*k = -24, l*a - k = -6*k + h. List the prime factors of a.
2, 17
Let y be (-2)/3*78/4. Let x(s) = -s + 10. Let l be x(y). Suppose 125 = 2*p + l. What are the prime factors of p?
3, 17
Let w(d) = -d**3 + 7*d**2 - 5*d - 3. Let h be w(6). Suppose 241 = 3*c - 59. Suppose h*j - j = 0, -c = -4*o + 2*j. What are the prime factors of o?
5
List the prime factors of 5 - (2 + (5 - 101)).
3, 11
Let q = 6 + -2. Let b(g) = -g + 6. Let m be b(q). Suppose 0 = k + m*k - 42. What are the prime factors of k?
2, 7
Let n be (1 - -4) + (0 - -5) + -6. Suppose -j = -n*j + 264. List the prime factors of j.
2, 11
Let p(l) = -11*l + 3. Let v be p(2). Let n = v - -31. What are the prime factors of (0 - -4) + n + 13?
29
Let o(q) = q**3 + q**2 + q - 1. Let s be (8/(-20))/((-4)/10). Let h be o(s). Suppose -h*g - 12 = -5*g. What are the prime factors of g?
2
Suppose 0 = 6*a - 8*a - 62. What are the prime factors of (3 + a/1)*(-10)/4?
2, 5, 7
Suppose -5857 - 15723 = -26*v. What are the prime factors of v?
2, 5, 83
Suppose 3*b = 2*b - 8. List the prime factors of (-334)/b + 57/(-76).
41
List the prime factors of ((-48)/27)/8 - 11308/(-18).
2, 157
Let l = -288 - -963. List the prime factors of l.
3, 5
Suppose 0 = 13*f - 17*f - 4. List the prime factors of (-202)/(-4)*f*-4.
2, 101
Suppose -11*o - 67 = -254. Suppose 3*l - o = 841. List the prime factors of l.
2, 11, 13
Let v = 25 - 28. Let s = 31 - v. List the prime factors of s.
2, 17
Suppose -3*g + z + 342 = 0, 2*g - 456 = -2*g + z. Suppose k + 4*k + 3*p = g, 5*k = -2*p + 111. List the prime factors of ((-12)/(-7))/(6/k).
2, 3
Let q(n) = -n**3 - 8*n**2 + 18*n - 24. Let p be q(-10). List the prime factors of (-782)/p - (-14)/(-28).
3, 5, 13
What are the prime factors of (((-6)/4)/(-1))/(48/55424)?
2, 433
Let p(v) = 57*v**2 + 0*v + 230 + 4*v - 233. What are the prime factors of p(1)?
2, 29
Suppose -8*p + 4985 = 1313. Suppose 3*k - p = -5*t + 2*t, k + 1 = 0. What are the prime factors of t?
2, 7, 11
Let f(u) = -4*u**3 + 3*u**2 + 8*u + 8. Let m be f(-4). Suppose -m = -5*t + 45. List the prime factors of t.
5, 13
Let p(h) = -2*h**2 + 2*h**2 - h + 4 - 3*h + 3*h**2. What are the prime factors of p(-4)?
2, 17
Suppose 15 + 30 = -5*g. Let i(t) = t**3 + 8*t**2 - 9*t + 22. List the prime factors of i(g).
2, 11
Suppose 6 + 15 = -4*w + g, -5*g + 15 = -5*w. Let i(f) = -f**3 + 4*f - 15. What are the prime factors of i(w)?
3, 59
Let d = 1 - -1. Suppose -2*w + 10 = 3*k - k, -k + 3 = d*w. What are the prime factors of 30/21*(k - 0)?
2, 5
Suppose y + 4*k = 333, -k - 1313 = -4*y + 2*k. What are the prime factors of y?
7, 47
Let y(q) = q + 20. Let n be y(-15). Suppose 0 = -n*t + 4*z + 981, -4*t - 945 = -9*t - 5*z. Su